 is the tens digit of b?
4
Suppose 5*g - 60 = -g. Suppose -178 = -3*d + g*c - 8*c, 2 = 2*c. What is the units digit of d?
0
Let a(j) be the second derivative of -7*j**3/6 + 4*j. Let l be a(-20). Suppose -11*m + l = -7*m. What is the units digit of m?
5
Let p(h) = 11*h**2 - 12 + 62*h**3 + 20 - 63*h**3 - 8*h. What is the units digit of p(10)?
8
Suppose 40 = 2*u + 12. Let i = 4 - u. What is the units digit of i*(365/(-25) - -3)?
6
Let k(w) be the third derivative of -17*w**4/24 - 10*w**3 + 144*w**2. Let m be -1*(2 - -9 - -1). What is the hundreds digit of k(m)?
1
Suppose 25*p = 22797 + 29828. What is the thousands digit of p?
2
Let x(d) = -d - 4 + 7*d**2 - 6*d**2 + 2. Let k be x(-1). Suppose k = -5*f + 4*h + 932, -f - h = -6*f + 938. What is the hundreds digit of f?
1
Suppose -3*s - g = -23690, 5*s = 67*g - 68*g + 39486. What is the units digit of s?
8
Suppose -4*r + 787 = 3*j, -5*r + 0*r - 3*j + 980 = 0. Let l = r + -104. Suppose -2*f + l = -3. What is the tens digit of f?
4
What is the tens digit of 6/(-4)*(-3 - (-702690)/(-90))?
1
Let t be 1/3 - (-8)/3. Suppose 1710 = -t*q + 8*q. What is the units digit of q?
2
Let h = 435 - 311. Let d = -1 + 1. Suppose d = -3*a + 7*a - h. What is the units digit of a?
1
Let l(x) = -15*x. Suppose -3*b - 24 = 3*w, -5*b + 0*b - 3*w = 32. Let t be 3*b/(-8)*(-52)/6. What is the hundreds digit of l(t)?
1
Suppose 0 = 4*x - 2*w + 34, -6*w = 3*x - 5*w + 33. What is the units digit of 32/x*(-6175)/26?
0
Suppose -744 = -5*k - 2*n, -2*n + 3*n = 5*k - 753. Suppose -j + k = -3*j. What is the tens digit of 382/10 - 60/j?
3
Suppose -58 = -5*i + m, -i - 5*m = -2*i + 26. Let b(n) = -3*n - 3. Let s(w) = -12*w - 1. Let o(x) = -6*b(x) + s(x). What is the tens digit of o(i)?
8
Suppose -n = -4*q + 2*n + 9, q + 2*n - 5 = 0. Let c be ((-146)/q)/(((-1)/3)/1). Let z = -99 + c. What is the units digit of z?
7
Let r be -1 - 6 - -2*2. Let p(f) = -f**3 - f**2 + 8*f - 3. Let k be p(r). What is the tens digit of 9/k*(-140)/2?
7
Let m(g) = -g**2 + 2*g + 2. Let u(d) = 119*d**2 + 61*d + 9. Let b(l) = -4*m(l) + u(l). What is the thousands digit of b(-4)?
1
Let l(x) = -2*x**3 + 74*x**2 - 25*x + 27. What is the ten thousands digit of l(24)?
1
Suppose 4*q - 2 = -6, 4*q - 164 = 4*m. Let w = 29 + m. Let b = 33 + w. What is the units digit of b?
0
Let f = 42 + -45. Let p(g) = 22*g - 3 + 11*g**2 - 46*g + 30*g. What is the tens digit of p(f)?
7
Let r(q) be the second derivative of 7*q**4/12 - 8*q**3/3 - 7*q**2 - 3*q. What is the tens digit of r(12)?
0
Suppose -2190 = -s + 16*s. Let v = s + 348. What is the tens digit of v?
0
Let h be ((-313)/7 - 0) + 46/(-161). Let i = -43 - h. Suppose -3 + 73 = i*k. What is the tens digit of k?
3
Let p be (-187 + 3)*1*(-13 + 12). Let s = -125 + p. What is the tens digit of s?
5
Let p = 5939 + 13289. What is the units digit of p?
8
Suppose -4*g - 178 - 30 = 0. Let t = -52 - g. Suppose t*f + 2*f = 34. What is the units digit of f?
7
Suppose 174 = -7*w + 496. Let b = w + -40. Suppose -b*k = k - 784. What is the tens digit of k?
1
Let b = -20 + 22. Let o be (-12 + 35)/(1/b). Let y = 48 + o. What is the tens digit of y?
9
Let o(h) = 9 + 0*h - 33*h - 40*h. What is the hundreds digit of o(-2)?
1
Let q(t) = t**3 + 8*t**2 - 13. Let w be -2*(4 - -1) - -2. Let x be q(w). Let j = 55 + x. What is the tens digit of j?
4
Suppose 10*h = -169 + 529. Suppose 0 = 3*l + 4*u - 136 + h, -38 = -l + u. What is the units digit of l?
6
Let x(h) = 9*h + 560. Suppose -z = -12*z. What is the units digit of x(z)?
0
Suppose -y = -o + 13940, -52014 + 10192 = -3*o + 2*y. What is the tens digit of o?
4
Let z = -176 - -180. What is the units digit of 1/(1/(-4))*(-70 - z)?
6
Let b = 79 - 56. Suppose -5 = -3*o + r, 0*o - 2*r + b = 5*o. Suppose o*a = -0*a + 15, -5*y + 3*a + 225 = 0. What is the tens digit of y?
4
Suppose 20135 = 16*c + 7847. Suppose -3*h = -645 - c. What is the units digit of h?
1
Let w(f) = 4*f**2 + 81*f + 123. What is the units digit of w(56)?
3
Let d = -4245 - -4517. What is the hundreds digit of d?
2
Suppose 2*j = 17*j. Suppose j = -11*h - 4*h + 9045. What is the tens digit of h?
0
Let m(t) = -5*t - 17. Let b(f) = -11*f - 34. Let s(g) = -3*b(g) + 7*m(g). Let h be s(-5). Let u = 28 + h. What is the units digit of u?
1
Let n(u) be the second derivative of -2*u**5/5 - u**4/2 + 13*u**3/6 + 7*u**2 - 2*u + 36. What is the hundreds digit of n(-6)?
4
Suppose 17 = -6*r + 29. Suppose 22 = 5*q + 3*l - 1, 5*l = r*q - 34. What is the hundreds digit of 120 - 21/q - -1*3?
1
Let j be (-48)/(-168) - 285/(-7). Let v = -143 - -92. Let i = j - v. What is the tens digit of i?
9
What is the thousands digit of (-10 + 138/15)/(3/(-13905))?
3
Let n = -235 - -561. Suppose 4*q - 239 = 85. Suppose 4*k + w - n = 0, -7 = -k + 3*w + q. What is the tens digit of k?
8
Let r(i) = 142*i**2 + 5*i + 4. Suppose 3*p - 6 = 3*z, -z = -4*z + 2*p - 6. What is the tens digit of r(z)?
6
Suppose -3*v + 13528 - 76 = o, -8968 = -2*v + o. What is the units digit of v?
4
Let g be 6/(-12) + (-50)/(-20). What is the units digit of (30/(-24))/(g/(-1856)*2)?
0
Let g = -8874 - -15056. What is the tens digit of g?
8
Suppose -11*s - 19*s = -168583 + 32713. What is the units digit of s?
9
Suppose -55*o + 60*o = -415. What is the hundreds digit of (o + 81)/(2/(-313))?
3
What is the units digit of (7 + 78/(-12))*-10 - -7?
2
Let c(t) = 5*t - 11. Let b(q) = 2*q - 4. Let v(z) = 17*b(z) - 6*c(z). Let y be v(1). Suppose 312 = 5*l + 2*i, 174 = y*l + 3*i + 58. What is the tens digit of l?
6
Let d(g) = 4*g**2 - 9*g**2 - 8*g - 2*g**2 + 1622 + 8*g**2. What is the thousands digit of d(0)?
1
Let m = -166 - -181. Suppose -191 = -m*b + 529. What is the units digit of b?
8
Let d be -3*7/14*234. Let s = d - -958. What is the units digit of s?
7
Suppose 2*l + 624 = -3*m, -5*m = -2*l - 3*l - 1585. What is the units digit of (l/84)/(499/(-248) + 2)?
0
Let c(u) = 135*u**2 + 243*u - 2512. What is the units digit of c(10)?
8
Let h = -11 + 60. Suppose -4*w + 161 - h = 0. Suppose 11*g = 13*g - w. What is the tens digit of g?
1
Suppose -4*f + 3*g + 42963 = -f, 5*f - 4*g = 71612. What is the thousands digit of f?
4
Suppose 0 = -45*u + 39*u + 1638. Suppose 108 = -c + u. What is the units digit of c?
5
What is the ten thousands digit of (-8)/(10/6*(-6)/18690)?
1
Suppose -5*q = 2*q - 1008. Suppose 0 = 6*k - 12*k - q. What is the hundreds digit of (-6366)/k - (-20)/(-16)?
2
Let j(x) = 12*x**2 - 3*x + 4. Let l(m) = -m**3 + 13*m**2 - 31*m + 14. Let c be l(10). What is the hundreds digit of j(c)?
1
Let j(y) be the third derivative of -y**4/2 + 43*y**3/3 - 181*y**2. What is the tens digit of j(-16)?
7
What is the thousands digit of (25857/18 + 13)*6?
8
Let z(w) = w + 1. Suppose -a = -2*m, 0*a - a + 6 = m. Let n be z(m). Suppose -c + 243 = n*u - 0*u, 419 = 5*u - 3*c. What is the units digit of u?
2
Let d(l) = 2*l**2 - 6*l - 28. Let q = 93 - 108. What is the hundreds digit of d(q)?
5
Suppose -49*c = -102287 - 52259. What is the hundreds digit of c?
1
Let k be ((-2)/(-4))/(-5*1/(-50)). Suppose 0 = -z + k*b + 179, 5*z + 9*b - 5*b - 808 = 0. What is the hundreds digit of z?
1
Suppose 40 - 48 = -2*u. Let x be (13/u)/((-5)/140). Let j = 92 - x. What is the tens digit of j?
8
Let v = -989 - -643. Let c = v - -665. What is the units digit of c?
9
What is the thousands digit of (-87 + -4)*4*(-45)/14?
1
Let s(q) = -13*q - 1. Let c be s(-4). Let j be (3 - 33/9)*-2*c. Suppose 236 = -j*m + 72*m. What is the units digit of m?
9
Let h = -1517 - -917. Let x = -419 - h. What is the units digit of x?
1
Let v(b) = -29*b - 116. Let d be v(-4). Suppose 4*m - 14*g = -16*g + 3018, m - 5*g - 771 = d. What is the units digit of m?
6
Let f be 620/(-7) + (40/35)/2. Let q(n) = 6*n**2 + 6*n - 7. Let v be q(-6). Let d = f + v. What is the tens digit of d?
8
Let l = -48 - -48. Suppose -p = 2*x - 54, -x - 2*p + 7*p + 49 = l. Let t = 100 + x. What is the tens digit of t?
2
Let f = -4466 - -14755. What is the ten thousands digit of f?
1
What is the thousands digit of (89070/9)/((-265)/(-636))?
3
Let g(y) = -72299*y - 2441. What is the hundreds digit of g(-1)?
8
Suppose -3*x + 0*m + 2*m - 93 = 0, 0 = 5*m. Let t = x + 326. What is the hundreds digit of t?
2
Suppose -13*o - 4*o = -161755. What is the tens digit of o?
1
Let k(w) = -4*w**3 + 6*w**2 + 6*w + 294. 